be 137 + -3 + 0 + 4 + -3. What is the greatest common divisor of 90 and h?
45
Suppose -39 + 79 = 20*b. Let n(j) = -j**2 + 5*j - 4. Let r(s) = -s**3 + 3*s**2 + 3. Let l be r(3). Let y be n(l). What is the highest common divisor of b and y?
2
Let f(s) = -s**3 - 12 - 5*s**2 + 9 - 4*s - 5*s - 3*s**2. Let q = -5 + -2. Let i be f(q). What is the greatest common divisor of i and 88?
11
Let z be (-136)/(-22) + 6/(-33). Let m be (-4)/6*(z + -3). Let q = m + 5. Calculate the highest common divisor of 27 and q.
3
Let h be (1 + -27)/((-14)/35). Let s be ((-26)/4)/(1/(-2)). Calculate the highest common factor of s and h.
13
Let m(r) = 22*r - 138. Let s be m(9). Let y be (-6)/15*(-10)/(-1). Let h be (-3)/(-12) - 47/y. Calculate the highest common factor of s and h.
12
Let a(w) be the second derivative of -w**4/12 + w**3 + 2*w**2 - w. Let t be a(4). What is the highest common divisor of t and 8?
4
Let c be 63/(-6) + 1/2. Suppose -x = -115 + 55. Let a = x - c. Calculate the highest common divisor of 28 and a.
14
Let x = 64 + -54. Let g(d) = -d**3 + 10*d**2 - 11*d + 10. Let f be g(8). Calculate the highest common factor of f and x.
10
Suppose 4*o + 164 = -0*o. Let s = o + 46. Let j = 68 - 33. What is the highest common divisor of j and s?
5
Suppose 2*m = 0, -2*m = -4*o + 2*m. Let r = 29 + o. What is the highest common factor of r and 87?
29
Suppose 5*i - 30 = -h, -i + 27 + 74 = 4*h. Let s = 27 - h. Let n(u) = -2*u + 1. Let j be n(-2). Calculate the highest common factor of j and s.
1
Suppose 48 = -0*c - 8*c. Let n be (2 - -18)*c/(-4). What is the greatest common factor of 10 and n?
10
Let i be 34 - -679 - (-10 - -1). Calculate the greatest common factor of i and 38.
38
Suppose c + y = -0*y + 36, -5*c + 5*y = -170. What is the highest common factor of 2835 and c?
35
Let b(t) = -t**3 + 0*t**3 + 2*t**2 + 3*t - 11 - 5*t**2. Let u be b(-5). What is the greatest common divisor of 264 and u?
24
Let u(i) = 40*i - 32. Let m be u(7). Calculate the highest common divisor of m and 31.
31
Suppose -5*z - 15*m + 11*m + 269 = 0, 0 = 4*z - 4*m - 244. Calculate the greatest common divisor of z and 323.
19
Suppose -6*s + 26061 = 45*s. What is the greatest common factor of 219 and s?
73
Suppose 3*s - 1102 = -79. Let v = s + -55. What is the highest common factor of 26 and v?
26
Let j(i) = i**3 - 6*i**2 + 12*i - 144. Let x be j(8). What is the highest common factor of 64 and x?
16
Suppose 3 - 6 = -3*d. Let u be 3*36 - (5 - d). What is the greatest common divisor of 13 and u?
13
Let d be (202/(-2))/(1/(-1)). Let v be (d - 1) + 1/(-1). Suppose -3*p + 8*p - 55 = -5*x, -5*p = -4*x - 55. Calculate the highest common factor of v and p.
11
Suppose -2*h = 3*b - 28, -5*h + b = -0*b - 53. Suppose h*k - 17 = 10*k. What is the highest common divisor of 34 and k?
17
Suppose 5*d + 0*d = 0. Suppose d = 7*o - 4*o - 30. Calculate the greatest common divisor of o and 80.
10
Let o(b) = -4 + b + b**3 + 2*b + 0 + 5*b**3. Let u be o(2). Let l = 98 - u. Calculate the greatest common divisor of l and 6.
6
Let s = 44 - 44. Suppose -4*c + 8 + 8 = s. Calculate the greatest common factor of c and 36.
4
Suppose v + 5 = 5*o - 21, -o = 3*v - 2. Let h(w) = 218 - 416 + 2*w**2 + 218 + 2*w**3 - 3*w**3. Let q be h(0). Calculate the highest common divisor of q and o.
5
Suppose -4*h - 46 = -v, 3*v = -4*h + 117 + 21. What is the greatest common factor of 69 and v?
23
Suppose 6*i + 42 = 8*i - 3*h, -2*h + 32 = 2*i. What is the highest common factor of 36 and i?
18
Let a = -187 + 487. Calculate the greatest common factor of a and 25.
25
Let q be (-334)/(-9) - ((-13)/(-9))/13. What is the highest common factor of 1739 and q?
37
Let y = 1638 - 978. Suppose y = 2*p + 2*p. Suppose 0 = 5*g - 0*g - p. Calculate the greatest common factor of 22 and g.
11
Let u be -3 - 1 - (-462)/11. Let j = -385 - -387. What is the highest common divisor of u and j?
2
Let q(c) = 63*c. Let j be q(1). Let b be (-2 + 5)*6/6. Suppose d + b*d + r - 28 = 0, 0 = -4*d - 4*r + 28. Calculate the highest common factor of j and d.
7
Let v(m) = m**3 - 4*m**2 - 12*m + 5. Let f be v(6). Let i be (-42)/(-10) - 3/15. Suppose i*k - 33 - 7 = 0. Calculate the greatest common factor of f and k.
5
Let y(q) = -13*q + 151. Let h be y(11). Calculate the greatest common factor of h and 16.
8
Let j(s) = -2*s - 4. Let f(z) = z + 4. Let m(v) = -3*f(v) - 2*j(v). Let b be m(4). Suppose b = -3*q - 15 + 60. What is the greatest common factor of q and 15?
15
Let x = 622 - 448. Calculate the highest common factor of 145 and x.
29
Let a(j) = -3*j**2 + 4*j - 7 + 8*j**2 + 4*j - j**3. Let m = -18 - -24. Let y be a(m). Calculate the greatest common divisor of y and 15.
5
Let i be 1/1*(5 - 1 - 3). Let q(u) = 9*u - 2. Let m be q(i). What is the highest common divisor of 14 and m?
7
Let y(c) = -c + 9. Let o be y(6). Suppose 5*f - o*w - 39 = 2*f, 3*w + 3 = f. What is the greatest common divisor of f and 45?
9
Let x = 3 + 0. Suppose -4*l + 6 - 208 = -x*u, 15 = 3*l. Calculate the greatest common divisor of 185 and u.
37
Let k(v) = 38*v + 191. Let t be k(-5). Calculate the highest common divisor of 8 and t.
1
Suppose -4*r = -4*m - 5*r + 3009, -2250 = -3*m - 3*r. Suppose 3*y + q - m = -2*q, 2*q - 754 = -3*y. Calculate the highest common divisor of y and 36.
36
Let y(v) = -7*v**2 - 2*v - 3. Let o be y(-1). Let i be (o/12)/(8/(-36))*3. Calculate the highest common divisor of 27 and i.
9
Let a be 688/6 + (-1)/(-3). Let b = 755 + -709. What is the highest common factor of a and b?
23
Let r = 44 + -12. Suppose -3*l = 3*b - 114, l - 3*b = -b + r. Suppose -5*f - 630 = -12*f. What is the highest common divisor of l and f?
18
Suppose 3*t - 2*m = 9, 3*m - 4*m - 7 = -4*t. Let j be ((-8)/(-4) + 82)*t. Suppose 2*b = b + j. What is the greatest common divisor of 12 and b?
12
Suppose -2*s = s - 42. Let u = 7 + 105. What is the greatest common divisor of s and u?
14
Suppose 16*v + 150 = 21*v. Calculate the greatest common factor of v and 105.
15
Let d be (6*1)/(15/10). Suppose -d*u + 13 = -3. Suppose -z - 5*v = -5*z + 150, 0 = -4*z - u*v + 132. What is the greatest common factor of z and 7?
7
Suppose 8*w + 284 = 4*z + 11*w, 5*w = z - 48. Calculate the highest common factor of z and 136.
68
Let a be ((-2)/6)/(1/(-9)). Let z be (-1884)/(-48) + (-1)/4. Suppose 2*b - 3*f - 12 = z, -f + 71 = 3*b. What is the greatest common factor of b and a?
3
Suppose -20 - 16 = -6*f. Suppose -f*w + 4*w + 80 = 0. What is the highest common factor of w and 5?
5
Let p be 7/3*(18 - 6)/4. Suppose 14*w - 56 = 10*w. What is the highest common divisor of w and p?
7
Let n be (6 - (-485)/30) + (-1)/6. What is the highest common divisor of n and 99?
11
Let y(f) be the first derivative of -f**4/4 + 14*f**3/3 + 18*f**2 + 12*f + 2. Let q be y(16). Calculate the highest common factor of q and 19.
19
Suppose -2*t + 7 = 4*u - 7, 0 = 4*u - 2*t - 18. Suppose o = -i - i + 22, 0 = u*i + 4*o - 52. What is the greatest common divisor of 63 and i?
9
Let i be 2/2 + (29 - 4). Let y = 14 + -11. Suppose 2 + 37 = y*l. What is the greatest common factor of i and l?
13
Suppose -21 = 5*w - 2*f, -8 = -w - 5*f + 4. Let s(q) = 70 + q**2 - 70 + 0*q**2. Let c be s(w). Calculate the highest common factor of c and 27.
9
Suppose 0 = 2*l - 0 + 6. Let n = 21 + l. Suppose 0 = 61*y - 66*y - 10, y - 178 = -5*u. What is the greatest common factor of n and u?
18
Let z(m) be the second derivative of 5/2*m**2 + 4*m - 1/10*m**5 - 5/12*m**4 + 0 - 1/3*m**3. Let h be z(-3). What is the highest common factor of 10 and h?
10
Suppose 0 = -4*b + 3*b + 32. Let d(c) = 9*c**3 - 2*c**2 - 4*c - 2. Let x be d(-2). Let n = -70 - x. What is the greatest common divisor of b and n?
4
Suppose -3*b + 51 = -2*z, -b = -z - 17 + 1. Calculate the greatest common divisor of 779 and b.
19
Suppose -4*t + 1 = 9. Let y = 3 - t. Suppose 0 = y*g - 24 - 21. What is the greatest common divisor of 99 and g?
9
Let w be (-128)/(-3) + (-6)/9. Suppose -w = -r - 9. Calculate the greatest common factor of r and 3.
3
Let a(i) = -i**3 - 16*i**2 + 21*i + 50. Let t be a(-18). What is the highest common divisor of t and 100?
20
Suppose -2*j - 49*z = -45*z - 170, j = -3*z + 81. What is the greatest common factor of j and 248?
31
Suppose 3*f = -2*c + 31, -f + 0*c = 2*c - 13. Calculate the greatest common divisor of f